{"id":627,"date":"2023-07-17T11:46:53","date_gmt":"2023-07-17T11:46:53","guid":{"rendered":"https:\/\/presto.ee\/ticket\/?page_id=627"},"modified":"2023-07-17T11:48:10","modified_gmt":"2023-07-17T11:48:10","slug":"reisijaveoteenuse-muugitingimused","status":"publish","type":"page","link":"https:\/\/presto.ee\/ticket\/reisijaveoteenuse-muugitingimused\/","title":{"rendered":"Reisijaveoteenuse m\u00fc\u00fcgitingimused"},"content":{"rendered":"\t\t<div data-elementor-type=\"wp-page\" data-elementor-id=\"627\" class=\"elementor elementor-627\">\n\t\t\t\t\t\t<section class=\"has_eae_slider elementor-section elementor-top-section elementor-element elementor-element-3130acf elementor-section-boxed elementor-section-height-default elementor-section-height-default\" data-eae-slider=\"44273\" data-id=\"3130acf\" data-element_type=\"section\" data-e-type=\"section\">\n\t\t\t\t\t\t<div class=\"elementor-container elementor-column-gap-default\">\n\t\t\t\t\t<div class=\"has_eae_slider elementor-column elementor-col-100 elementor-top-column elementor-element elementor-element-44537d5\" data-eae-slider=\"46705\" data-id=\"44537d5\" data-element_type=\"column\" data-e-type=\"column\">\n\t\t\t<div class=\"elementor-widget-wrap elementor-element-populated\">\n\t\t\t\t\t\t<div class=\"elementor-element elementor-element-2b54c15 elementor-widget elementor-widget-heading\" data-id=\"2b54c15\" data-element_type=\"widget\" data-e-type=\"widget\" data-widget_type=\"heading.default\">\n\t\t\t\t<div class=\"elementor-widget-container\">\n\t\t\t\t\t<h3 class=\"elementor-heading-title elementor-size-default\">Reisijaveoteenuse m\u00fc\u00fcgitingimused\n<\/h3>\t\t\t\t<\/div>\n\t\t\t\t<\/div>\n\t\t\t\t\t<\/div>\n\t\t<\/div>\n\t\t\t\t\t<\/div>\n\t\t<\/section>\n\t\t\t\t<section class=\"has_eae_slider elementor-section elementor-top-section elementor-element elementor-element-e455c4e elementor-section-boxed elementor-section-height-default elementor-section-height-default\" data-eae-slider=\"79981\" data-id=\"e455c4e\" data-element_type=\"section\" data-e-type=\"section\">\n\t\t\t\t\t\t<div class=\"elementor-container elementor-column-gap-default\">\n\t\t\t\t\t<div class=\"has_eae_slider elementor-column elementor-col-100 elementor-top-column elementor-element elementor-element-9b4099f\" data-eae-slider=\"34398\" data-id=\"9b4099f\" data-element_type=\"column\" data-e-type=\"column\">\n\t\t\t<div class=\"elementor-widget-wrap elementor-element-populated\">\n\t\t\t\t\t\t<div class=\"elementor-element elementor-element-723f89a elementor-widget elementor-widget-text-editor\" data-id=\"723f89a\" data-element_type=\"widget\" data-e-type=\"widget\" data-widget_type=\"text-editor.default\">\n\t\t\t\t<div class=\"elementor-widget-container\">\n\t\t\t\t\t\t\t\t\t<div class=\"document-page\" data-page=\"1\"><div class=\"pdf-page\"><div class=\"text-wrapper user-select-text\"><div data-canvas-width=\"635.1106666666669\">K\u00e4esolevaid reisijaveoteenuse m\u00fc\u00fcgitingimusi (edaspidi M\u00fc\u00fcgitingimused) kohaldatakse k\u00f5igile O\u00dc Presto<\/div><div data-canvas-width=\"640.3466666666667\">poolt osutatavatele tellimusveoteenustele. M\u00fc\u00fcgitingimused on O\u00dc Presto (edaspidi Presto) ja Tellija vahel<\/div><div data-canvas-width=\"286.1906666666667\">s\u00f5lmitava reisijaveolepingu lahutamatuks osaks.<\/div><div data-canvas-width=\"286.1906666666667\">\u00a0<\/div><div data-canvas-width=\"202.6493333333333\">1. REISIJAVEOTEENUSE TELLIMINE<\/div><div data-canvas-width=\"620.5759999999999\">1.1. Reisijaveoteenuse tellimiseks esitab Tellija Prestole hinnap\u00e4ringu, t\u00e4ites ja saates Presto veebilehelt<\/div><div data-canvas-width=\"241.29600000000008\">vastava vormi v\u00f5i saates Prestole e-kirja.<\/div><div data-canvas-width=\"559.2546666666669\">1.2. Presto saadab Tellija hinnap\u00e4ringule vastuse (sh hinnapakkumise) hinnap\u00e4ringus n\u00e4idatud<\/div><div data-canvas-width=\"62.84666666666665\">aadressile<\/div><div data-canvas-width=\"366.4906666666667\">v\u00f5i suhtleb muul poolte vahel kokkulepitud kontaktandmetel.<\/div><div data-canvas-width=\"596.7866666666664\">1.3. Kui Tellija soovib Presto vastuses toodud tingimustel reisijaveoteenust tellida, esitab ta Prestole<\/div><div data-canvas-width=\"624.4040000000005\">kirjalikku taasesitamist v\u00f5imaldavas vormis ja p.2 s\u00e4testatud n\u00f5uetele vastava Tellimuse vastavalt Presto<\/div><div data-canvas-width=\"111.65733333333334\">hinnapakkumisele.<\/div><div data-canvas-width=\"631.5759999999998\">1.4. Kui Prestol on v\u00f5imalik Tellimuses m\u00e4rgitud tingimustel reisijaveoteenust osutada, saadab Presto \u00fche<\/div><div data-canvas-width=\"625.7386666666671\">t\u00f6\u00f6p\u00e4eva jooksul Tellimuse k\u00e4ttesaamisest Tellijale kirjalikku taasesitamist v\u00f5imaldavas vormis Tellimuse<\/div><div data-canvas-width=\"533.2946666666669\">kinnituse. Hiljemalt 1 p\u00e4ev enne reisijaveoteenuse alustamist teatab Presto Tellijale bussi<\/div><div data-canvas-width=\"632.4853333333335\">registreerimisnumbri, juhi\/juhtide nime(d) ning kontakttelefoni numbri. Poolte vastaval erikokkuleppel on<\/div><div data-canvas-width=\"240.09333333333348\">Tellimuse kinnitamine v\u00f5imalik suuliselt.<\/div><div data-canvas-width=\"517.0000000000002\">1.5. Reisijaveoleping s\u00f5lmitakse alates Tellimuse kinnituse k\u00e4ttesaamisest Tellija poolt.<\/div><div data-canvas-width=\"84.75866666666666\">P.1.2 viidatud<\/div><div data-canvas-width=\"137.7493333333333\">aadressile v\u00f5i numbrile<\/div><div data-canvas-width=\"465.1826666666669\">saadetud Tellimuse kinnitus v\u00f5i muu teade loetakse Tellija poolt k\u00e4ttesaaduks<\/div><div data-canvas-width=\"242.9093333333334\">hiljemalt saatmisele j\u00e4rgneval t\u00f6\u00f6p\u00e4eval.<\/div><div data-canvas-width=\"622.6146666666668\">1.6. Tellija teavitab Prestot Tellimuse kinnituse k\u00e4ttesaamisest ja tasub ettemaksuarvel m\u00e4rgitud summa<\/div><div data-canvas-width=\"336.21866666666665\">makset\u00e4htajaks (juhul, kui Presto esitab ettemaksuarve).<\/div><div data-canvas-width=\"635.8293333333334\">1.7. Tellijal on \u00f5igus esitada Tellimus ka ilma hinnap\u00e4ringut esitamata. Sel juhul s\u00f5lmitakse reisijaveoleping<\/div><div data-canvas-width=\"163.43066666666667\">p.1.3-1.6 s\u00e4testatud korras.<\/div><div data-canvas-width=\"279.972\">2. N\u00d5UDED HINNAP\u00c4RINGULE JA TELLIMUSELE<\/div><div data-canvas-width=\"631.9280000000003\">Hinnap\u00e4ring ja Tellimus esitatakse kirjalikku taasesitamist v\u00f5imaldavas vormis, Presto eelneval n\u00f5usolekul<\/div><div data-canvas-width=\"578.1453333333336\">v\u00f5ib Tellimuse suuliselt esitada. Hinnap\u00e4ring ja Tellimus peavad sisaldama allj\u00e4rgnevaid andmeid:<\/div><div data-canvas-width=\"334.1800000000001\">2.1. s\u00f5idu alguskuup\u00e4ev, kellaaeg ja aadress (l\u00e4htekoht);<\/div><div data-canvas-width=\"321.3906666666668\">2.2. s\u00f5idu l\u00f5ppkuup\u00e4ev, kellaaeg ja aadress (sihtkoht);<\/div><div data-canvas-width=\"466.3266666666668\">2.3. s\u00f5idumarsruut (iga p\u00e4eva kohta eraldi koos kellaaegade ja sihtkohtadega);<\/div><div data-canvas-width=\"99.07333333333332\">2.4. reisijate arv;<\/div><div data-canvas-width=\"468.29200000000003\">2.5. muud lisateenused (majutus, toitlustus, giid, laevapiletid, teemaksud, jne);<\/div><div data-canvas-width=\"610.1626666666666\">2.6. Tellija andmed (ettev\u00f5tte\/isiku nimi, registrikood, asukoht\/elukoht, telefon ja e-posti aadress ning<\/div><div data-canvas-width=\"397.62800000000016\">juriidilise isiku puhul ka kontaktisiku nimi ja tema kontaktandmed);<\/div><div data-canvas-width=\"553.050666666667\">2.7. reisija soovidega seotud v\u00f5imalikud erip\u00e4rad v\u00f5i -vajadused, mis omavad olulist t\u00e4htsust<\/div><div data-canvas-width=\"397.2760000000001\">reisijaveoteenuse osutamisel (mh info reisija liikumispuude kohta);<\/div><div data-canvas-width=\"245.15333333333336\">2.8. muu info, mida Tellija peab oluliseks.<\/div><div data-canvas-width=\"63.624\">3. HINNAD<\/div><div data-canvas-width=\"590.0253333333335\">3.1. Presto teenuste hinnad sisaldavad: tasu bussi kasutamise eest, bussijuhi t\u00f6\u00f6tasu (mh t\u00f6\u00f6tasult<\/div><div data-canvas-width=\"477.76666666666694\">makstavad maksud, nagu n\u00e4iteks sotsiaalmaks) ja k\u00fctusekulu (mh k\u00fctuseaktsiis).<\/div><div data-canvas-width=\"597.9746666666667\">3.2. Hinnale lisanduvad mis tahes kulud, mis ei sisaldu p 3.1 kohaselt teenuse hinnas, sealhulgas juhi<\/div><div data-canvas-width=\"640.3613333333333\">majutuskulud (mh hommikus\u00f6\u00f6k), praami- ja laevapiletid, teede- ja sillamaksud, parkimistasud, saastetasud<\/div><div data-canvas-width=\"61.05733333333334\">jms kulud.<\/div><div data-canvas-width=\"589.0573333333335\">3.3. Prestol on \u00f5igus kinnitatud Tellimuse hinda suurendada, teavitades sellest Tellijat v\u00e4hemalt 10<\/div><div data-canvas-width=\"531.4613333333334\">(k\u00fcmme) kalendrip\u00e4eva enne teenuse osutamise algust, j\u00e4rgnevate asjaolude ilmnemisel:<\/div><div data-canvas-width=\"617.0413333333335\">3.3.1. osutatava teenusega (mh bussi kasutamisega) otseselt seotud maksude, l\u00f5ivude, teenustasude ja<\/div><div data-canvas-width=\"385.96800000000013\">muude kulude suurenemisel, kui need m\u00f5jutavad teenuse hinda;<\/div><div data-canvas-width=\"295.56266666666676\">3.3.2. transpordi- ja k\u00fctusehindade suurenemisel.<\/div><div data-canvas-width=\"168.41733333333332\">4. TELLIMUSE T\u00dcHISTAMINE<\/div><div data-canvas-width=\"612.2013333333332\">4.1. Tellijal on \u00f5igus Tellimus t\u00fchistada v\u00f5i seda muuta, teatades sellest Prestole ette Eesti riigi piiresse<\/div><div>\u200b<\/div><\/div><\/div><\/div><div class=\"document-page\" data-page=\"2\"><div class=\"pdf-page\"><div class=\"text-wrapper user-select-text\"><div data-canvas-width=\"597.8133333333335\">j\u00e4\u00e4vate vedude (edaspidi Siseveod) puhul v\u00e4hemalt 4 (neli) kalendrip\u00e4eva ja rahvusvaheliste vedude<\/div><div data-canvas-width=\"636.944\">(edaspidi V\u00e4lisveod) korral v\u00e4hemalt 6 (kuus) kalendrip\u00e4eva arvates teenuse osutamise alustamise p\u00e4evast.<\/div><div data-canvas-width=\"632.6466666666669\">4.2. Juhul, kui Tellija teatab Tellimuse t\u00fchistamisest v\u00f5i muutmisest hiljem, kui punktis 4.1 ette n\u00e4htud, on<\/div><div data-canvas-width=\"622.4680000000002\">Prestol \u00f5igus n\u00f5uda ja Tellijal vastava n\u00f5ude saamisel kohustus viivitamatult tasuda Prestole leppetrahvi<\/div><div data-canvas-width=\"130.51866666666663\">allj\u00e4rgnevas suuruses:<\/div><div data-canvas-width=\"109.48666666666668\">Sisevedude korral:<\/div><div data-canvas-width=\"614.2693333333339\">25% Tellimuse k\u00e4ibemaksuta maksumusest, kui Tellija teatab Tellimuse t\u00fchistamisest v\u00f5i muutmisest 3<\/div><div data-canvas-width=\"443.9453333333336\">(kolm) kalendrip\u00e4eva enne plaanitud teenuse osutamise alustamise p\u00e4eva;<\/div><div data-canvas-width=\"614.2693333333339\">50% Tellimuse k\u00e4ibemaksuta maksumusest, kui Tellija teatab Tellimuse t\u00fchistamisest v\u00f5i muutmisest 2<\/div><div data-canvas-width=\"440.6453333333335\">(kaks) kalendrip\u00e4eva enne plaanitud teenuse osutamise alustamise p\u00e4eva;<\/div><div data-canvas-width=\"621.7200000000005\">100% Tellimuse k\u00e4ibemaksuta maksumusest, kui Tellija teatab Tellimuse t\u00fchistamisest v\u00f5i muutmisest 1<\/div><div data-canvas-width=\"630.6520000000003\">(\u00fcks) kalendrip\u00e4ev enne plaanitud teenuse osutamise alustamise p\u00e4eva v\u00f5i teenuse osutamise alustamise<\/div><div data-canvas-width=\"42.709333333333326\">p\u00e4eval.<\/div><div data-canvas-width=\"114.16533333333334\">V\u00e4lisvedude korral:<\/div><div data-canvas-width=\"614.2693333333339\">25% Tellimuse k\u00e4ibemaksuta maksumusest, kui Tellija teatab Tellimuse t\u00fchistamisest v\u00f5i muutmisest 4<\/div><div data-canvas-width=\"499.1653333333337\">(neli) v\u00f5i 5 (viis) kalendrip\u00e4eva enne plaanitud teenuse osutamise alustamise p\u00e4eva;<\/div><div data-canvas-width=\"614.2693333333339\">50% Tellimuse k\u00e4ibemaksuta maksumusest, kui Tellija teatab Tellimuse t\u00fchistamisest v\u00f5i muutmisest 3<\/div><div data-canvas-width=\"513.978666666667\">(kolm) v\u00f5i 2 (kaks) kalendrip\u00e4eva enne plaanitud teenuse osutamise alustamise p\u00e4eva;<\/div><div data-canvas-width=\"621.7200000000005\">100% Tellimuse k\u00e4ibemaksuta maksumusest, kui Tellija teatab Tellimuse t\u00fchistamisest v\u00f5i muutmisest 1<\/div><div data-canvas-width=\"630.6520000000003\">(\u00fcks) kalendrip\u00e4ev enne plaanitud teenuse osutamise alustamise p\u00e4eva v\u00f5i teenuse osutamise alustamise<\/div><div data-canvas-width=\"42.709333333333326\">p\u00e4eval.<\/div><div data-canvas-width=\"608.270666666667\">4.3. Kui Tellija soovib Tellimuse t\u00fchistada, peab ta sellest Prestole kirjalikku taasesitamist v\u00f5imaldavas<\/div><div data-canvas-width=\"309.1733333333333\">vormis eraldi teatama (hoolimata p.5.3 s\u00e4testatust).<\/div><div data-canvas-width=\"79.06800000000001\">5. TASUMINE<\/div><div data-canvas-width=\"427.09333333333325\">5.1. Presto teenuste hinnad m\u00e4\u00e4ratakse igakordselt Poolte kokkuleppel.<\/div><div data-canvas-width=\"622.1453333333333\">5.2. Lisaks p.5.1 viidatud teenuse hinnale, tasub Tellija Prestole teenuse osutamise k\u00e4igus tekkinud p.3.2<\/div><div data-canvas-width=\"458.21599999999995\">viidatud lisakulude eest p\u00e4rast teenuse osutamist Presto esitatud arve alusel.<\/div><div data-canvas-width=\"629.1266666666666\">5.3. Prestol on \u00f5igus n\u00f5uda, et Tellija tasuks vastavalt Presto esitatud ettemaksuarvele osutatava teenuse<\/div><div data-canvas-width=\"637.6920000000002\">eest ettemaksu. Juhul kui Tellija ei tasu ettemaksuarvel m\u00e4rgitud summat makset\u00e4htajaks, on Prestol \u00f5igus<\/div><div data-canvas-width=\"620.972\">lugeda Tellija Tellimusest loobunuks ning Tellimust mitte t\u00e4ita. Kui Tellija ei teata vastavalt p.4 Tellimuse<\/div><div data-canvas-width=\"637.5746666666666\">t\u00fchistamisest ning Presto asub hoolimata ettemaksu tasumata j\u00e4tmisest teenust osutama, on Prestol \u00f5igus<\/div><div data-canvas-width=\"611.8199999999999\">n\u00f5uda ja Tellijal vastava n\u00f5ude saamisel kohustus viivitamatult tasuda leppetrahvi, mille suurus vastab<\/div><div data-canvas-width=\"260.7733333333333\">Tellimuse k\u00e4ibemaksuta kogumaksumusele.<\/div><div data-canvas-width=\"626.5453333333332\">5.4. Tellija tasub reisijaveoteenuse (sh lisakulude) eest vastavalt Presto esitatud arvele. Tellija tasub arvel<\/div><div data-canvas-width=\"632.9546666666665\">n\u00e4idatud summa \u00fclekandega arvel m\u00e4rgitud arvelduskontole arvel m\u00e4rgitud t\u00e4htajaks. Presto saadab arve<\/div><div data-canvas-width=\"62.084\">e-posti v\u00f5i<\/div><div data-canvas-width=\"520.6373333333336\">posti teel p.1.2 viidatud aadressile v\u00f5i numbrile, kui pooled ei ole teisiti kokku leppinud.<\/div><div data-canvas-width=\"577.8373333333334\">5.5. Klienditeenindaja n\u00f5usolekul on Tellijal v\u00f5imalik tasuda osutatud teenuse eest muul viisil kui<\/div><div data-canvas-width=\"402.24800000000016\">\u00fclekandega, st tasuda sularahas bussis v\u00f5i peale teenuse osutamist.<\/div><div data-canvas-width=\"595.7893333333335\">5.6. Prestole v\u00f5lgnetav rahaline kohustus loetakse t\u00e4idetuks arvel m\u00e4rgitud summa laekumisel t\u00e4ies<\/div><div data-canvas-width=\"91.036\">ulatuses Presto<\/div><div data-canvas-width=\"99.54266666666668\">arvelduskontole.<\/div><div data-canvas-width=\"571.6920000000002\">5.7. T\u00e4htaegselt tasumata summalt on Prestol \u00f5igus n\u00f5uda viivist 0,5% iga tasumisega viivitatud<\/div><div data-canvas-width=\"116.04266666666663\">kalendrip\u00e4eva eest.<\/div><div data-canvas-width=\"303.17466666666655\">6. PRESTO T\u00c4IENDAVAD \u00d5IGUSED JA KOHUSTUSED<\/div><div data-canvas-width=\"561.176\">6.1. Presto kohustub osutama reisijaveoteenust vastavalt poolte kokkulepetele, k\u00e4esolevatele<\/div><div data-canvas-width=\"612.1426666666665\">M\u00fc\u00fcgitingimustele ja Eesti Vabariigi kehtivatele \u00f5igusaktidele, arvestades reisijaveoteenuse osutamise<\/div><div data-canvas-width=\"116.30666666666669\">praktikat ja tavasid.<\/div><div data-canvas-width=\"586.5053333333335\">6.2. Juhul, kui Reisija, kellele Presto reisijaveoteenust osutab, ei t\u00e4ida n\u00f5uetekohaselt Presto poolt<\/div><div data-canvas-width=\"133.30533333333332\">kehtestatud tingimusi,<\/div><div data-canvas-width=\"494.42800000000017\">bussi sisekorraeeskirju, ametiv\u00f5imude ettekirjutusi ja juhised v\u00f5i \u00f5igusakte, samuti<\/div><div data-canvas-width=\"630.6666666666672\">kui Reisija v\u00f5i tema pagas ei ole mis tahes p\u00f5hjusel kokkulepitud kohas \u00f5igeaegselt vedamiseks valmis, on<\/div><div data-canvas-width=\"639.54\">Prestol \u00f5igus omal \u00e4ran\u00e4gemisel reisijaveolepingu t\u00e4itmine katkestada, reisijaveoleping \u00fcles \u00f6elda, alustada<\/div><div data-canvas-width=\"313.23600000000005\">reisi ja\/v\u00f5i n\u00f5uda Tellijalt tekitatud kahju h\u00fcvitamist.<\/div><div data-canvas-width=\"639.2760000000003\">6.3. Prestol on \u00f5igus kasutada teiste vastavate teenuste osutajate teenuseid Tellija Tellimuse t\u00e4itmiseks, kui<\/div><div data-canvas-width=\"640.6986666666666\">Prestol ei ole v\u00f5imalik Tellimust oma vahenditega t\u00e4ita. Sellisel juhul teatab Presto Tellijale teenust osutava<\/div><div data-canvas-width=\"624.3306666666667\">isiku nime ja kontaktandmed. Tellija tasub Tellimuse eest Prestole nagu siis, kui teenust osutataks Presto<\/div><div>\u200b<\/div><\/div><\/div><\/div><div class=\"swiper-slide scrollable focusable swiper-slide-document swiper-slide-active swiper-no-swiping\" tabindex=\"0\" role=\"option\" aria-selected=\"true\" data-swiper-slide-index=\"0\"><div class=\"document-container io-ox-core-pdf\"><div class=\"document-page\" data-page=\"3\"><div class=\"pdf-page\"><div class=\"text-wrapper user-select-text\"><div data-canvas-width=\"59.88399999999999\">s\u00f5idukiga.<\/div><div data-canvas-width=\"126.89599999999999\">6.4. Presto kohustub:<\/div><div data-canvas-width=\"229.152\">6.4.1. tagama korrektse teenindamise;<\/div><div data-canvas-width=\"637.7946666666671\">6.4.2. eraldama Tellija kasutusse tehniliselt korras, puhtad ja juhiga\/juhtidega varustatud bussi(d) vastavalt<\/div><div data-canvas-width=\"182.30666666666673\">reisijaveolepingu tingimustele;<\/div><div data-canvas-width=\"549.8826666666669\">6.4.3. tagama bussi(de) kohaloleku Presto poolt kinnitatud Tellimuses n\u00e4idatud kohas ja ajal;<\/div><div data-canvas-width=\"608.9013333333336\">6.4.4. teenuse osutamise ajal esineva bussi tehnilise rikke korral tegema temalt m\u00f5istlikult eeldatavad<\/div><div data-canvas-width=\"570.7679999999999\">j\u00f5upingutused rikke k\u00f5rvaldamiseks ja reisi j\u00e4tkamiseks, vajaduse ja v\u00f5imaluse korral asendama<\/div><div data-canvas-width=\"357.1186666666668\">ekspluatatsioonist v\u00e4ljalangenud bussi(d) samav\u00e4\u00e4rse(te)ga;<\/div><div data-canvas-width=\"272.4186666666666\">6.4.5. tagama bussi(de) varustatuse k\u00fctusega.<\/div><div data-canvas-width=\"300.38799999999986\">7. TELLIJA T\u00c4IENDAVAD \u00d5IGUSED JA KOHUSTUSED<\/div><div data-canvas-width=\"640.8893333333333\">7.1. Tellija kohustub esitama Prestole pikemate kui \u00fchep\u00e4evaste s\u00f5itude korral detailse reisikava (kellaajad,<\/div><div data-canvas-width=\"555.8666666666669\">marsruudid, sihtkohad, peatused) iga p\u00e4eva kohta eraldi hiljemalt 5 (viis) kalendrip\u00e4eva enne<\/div><div data-canvas-width=\"619.9599999999999\">reisijaveoteenuse osutamise algust. Hilisemal Tellijapoolsel reisikava esitamisel ei taga Presto reiskavast<\/div><div data-canvas-width=\"124.66666666666669\">t\u00e4pset kinnipidamist.<\/div><div data-canvas-width=\"195.6973333333333\">7.2. Tellija kohustub muu hulgas:<\/div><div data-canvas-width=\"614.0200000000003\">7.2.1. korraldama oma kulul Presto bussijuhi majutuse ja hommikus\u00f6\u00f6gi, kui see on teenuse osutamise<\/div><div data-canvas-width=\"530.4786666666671\">kestust arvestades vajalik ning pooled ei lepi enne teenuse osutamise algust kokku teisiti;<\/div><div data-canvas-width=\"604.6333333333332\">7.2.2. kaebuste korral teavitama Prestot nendest suuliselt enne reisijate lahkumist. Lisaks peab Tellija<\/div><div data-canvas-width=\"355.9599999999999\">esitama kirjaliku taasesitamist v\u00f5imaldavas vormis kaebuse.<\/div><div data-canvas-width=\"519.3613333333333\">7.2.3. andma Prestole vastava sooviavalduse korral osutatud teenuse kohta tagasisidet.<\/div><div data-canvas-width=\"625.3720000000001\">Prestol on \u00f5igus muuta eeltoodud M\u00fc\u00fcgitingimusi etteteatamata. M\u00fc\u00fcgitingimused loetakse muudetuks<\/div><div data-canvas-width=\"302.41200000000003\">uue teksti avaldamisega veebilehel www.presto.ee<\/div><div>\u200b<\/div><\/div><\/div><\/div><\/div><\/div>\t\t\t\t\t\t\t\t<\/div>\n\t\t\t\t<\/div>\n\t\t\t\t\t<\/div>\n\t\t<\/div>\n\t\t\t\t\t<\/div>\n\t\t<\/section>\n\t\t\t\t<\/div>\n\t\t","protected":false},"excerpt":{"rendered":"<p>Reisijaveoteenuse m\u00fc\u00fcgitingimused K\u00e4esolevaid reisijaveoteenuse m\u00fc\u00fcgitingimusi (edaspidi M\u00fc\u00fcgitingimused) kohaldatakse k\u00f5igile O\u00dc Prestopoolt osutatavatele tellimusveoteenustele. M\u00fc\u00fcgitingimused on O\u00dc Presto (edaspidi Presto) ja Tellija vahels\u00f5lmitava reisijaveolepingu lahutamatuks osaks.\u00a01. REISIJAVEOTEENUSE TELLIMINE1.1. Reisijaveoteenuse tellimiseks esitab Tellija Prestole hinnap\u00e4ringu, t\u00e4ites ja saates Presto veebileheltvastava vormi v\u00f5i saates Prestole e-kirja.1.2. Presto saadab Tellija hinnap\u00e4ringule vastuse (sh hinnapakkumise) hinnap\u00e4ringus n\u00e4idatudaadressilev\u00f5i suhtleb muul poolte [&hellip;]<\/p>\n","protected":false},"author":1,"featured_media":0,"parent":0,"menu_order":0,"comment_status":"closed","ping_status":"closed","template":"","meta":{"site-sidebar-layout":"no-sidebar","site-content-layout":"page-builder","ast-site-content-layout":"","site-content-style":"default","site-sidebar-style":"default","ast-global-header-display":"","ast-banner-title-visibility":"","ast-main-header-display":"","ast-hfb-above-header-display":"","ast-hfb-below-header-display":"","ast-hfb-mobile-header-display":"","site-post-title":"disabled","ast-breadcrumbs-content":"","ast-featured-img":"disabled","footer-sml-layout":"","theme-transparent-header-meta":"","adv-header-id-meta":"","stick-header-meta":"","header-above-stick-meta":"","header-main-stick-meta":"","header-below-stick-meta":"","astra-migrate-meta-layouts":"default","ast-page-background-enabled":"default","ast-page-background-meta":{"desktop":{"background-color":"var(--ast-global-color-4)","background-image":"","background-repeat":"repeat","background-position":"center center","background-size":"auto","background-attachment":"scroll","background-type":"","background-media":"","overlay-type":"","overlay-color":"","overlay-gradient":""},"tablet":{"background-color":"","background-image":"","background-repeat":"repeat","background-position":"center center","background-size":"auto","background-attachment":"scroll","background-type":"","background-media":"","overlay-type":"","overlay-color":"","overlay-gradient":""},"mobile":{"background-color":"","background-image":"","background-repeat":"repeat","background-position":"center center","background-size":"auto","background-attachment":"scroll","background-type":"","background-media":"","overlay-type":"","overlay-color":"","overlay-gradient":""}},"ast-content-background-meta":{"desktop":{"background-color":"var(--ast-global-color-5)","background-image":"","background-repeat":"repeat","background-position":"center center","background-size":"auto","background-attachment":"scroll","background-type":"","background-media":"","overlay-type":"","overlay-color":"","overlay-gradient":""},"tablet":{"background-color":"var(--ast-global-color-5)","background-image":"","background-repeat":"repeat","background-position":"center center","background-size":"auto","background-attachment":"scroll","background-type":"","background-media":"","overlay-type":"","overlay-color":"","overlay-gradient":""},"mobile":{"background-color":"var(--ast-global-color-5)","background-image":"","background-repeat":"repeat","background-position":"center center","background-size":"auto","background-attachment":"scroll","background-type":"","background-media":"","overlay-type":"","overlay-color":"","overlay-gradient":""}},"footnotes":""},"class_list":["post-627","page","type-page","status-publish","hentry"],"_links":{"self":[{"href":"https:\/\/presto.ee\/ticket\/wp-json\/wp\/v2\/pages\/627","targetHints":{"allow":["GET"]}}],"collection":[{"href":"https:\/\/presto.ee\/ticket\/wp-json\/wp\/v2\/pages"}],"about":[{"href":"https:\/\/presto.ee\/ticket\/wp-json\/wp\/v2\/types\/page"}],"author":[{"embeddable":true,"href":"https:\/\/presto.ee\/ticket\/wp-json\/wp\/v2\/users\/1"}],"replies":[{"embeddable":true,"href":"https:\/\/presto.ee\/ticket\/wp-json\/wp\/v2\/comments?post=627"}],"version-history":[{"count":0,"href":"https:\/\/presto.ee\/ticket\/wp-json\/wp\/v2\/pages\/627\/revisions"}],"wp:attachment":[{"href":"https:\/\/presto.ee\/ticket\/wp-json\/wp\/v2\/media?parent=627"}],"curies":[{"name":"wp","href":"https:\/\/api.w.org\/{rel}","templated":true}]}}